hat are the prime factors of j?
2
Let t be (-6)/15 + (-24)/(-10). Suppose -3*m - 2*n = 1, -m + 14 = t*m - n. What are the prime factors of m?
3
Suppose -2*y = -0 - 24. Suppose 2*c + y = 78. What are the prime factors of c?
3, 11
Let x = 34 + 36. List the prime factors of x.
2, 5, 7
Let a = 54 + -23. What are the prime factors of a?
31
Let v(d) = -2*d**2 - 4*d + 3. Let i be v(-4). Let l = 9 - i. Let b = 31 - l. What are the prime factors of b?
3
Let m(l) = -l**2 - 9*l - 1. What are the prime factors of m(-7)?
13
Let u be (6/(-2) - -56) + -3. Suppose 4*o = -0*o - 8. What are the prime factors of o/(-9) - u/(-18)?
3
Suppose -4*g = 4*j - 280, -4 = 3*g - 5*j - 246. What are the prime factors of g?
2, 37
Let w(k) = k + 1. What are the prime factors of w(5)?
2, 3
What are the prime factors of (106/(-28) - (-18)/63)*-62?
7, 31
Suppose -4*w + 12 = 4*j, 2*w - 30 = 3*j - 8*j. Let g(u) = -u + 10. List the prime factors of g(j).
2
Suppose -22 - 22 = -2*k. Suppose t - k = 3*t. Let u = 18 + t. List the prime factors of u.
7
What are the prime factors of (-110)/(-4) - 4/(-8)?
2, 7
Let p be 96/10 - 2/(-5). Suppose 0 = 2*u + 2 - p. Suppose -5*c - 63 = -0*w - 4*w, -54 = -u*w + 2*c. List the prime factors of w.
2, 3
Let a(b) = b**3 + 6*b**2 - b - 3. Suppose -2 = 2*f - 10, -2*p + 66 = -3*f. Suppose l + 3*l + p = 5*y, 3*l + 33 = 5*y. What are the prime factors of a(l)?
3
Let x = 280 - 157. What are the prime factors of x?
3, 41
Suppose 30*i + 26 = 31*i. List the prime factors of i.
2, 13
Let h(b) = 2*b - 8. Let l be h(6). Suppose l*m = 30 + 6. What are the prime factors of m?
3
Let p be (-8)/10*(-5)/2. Suppose -4*k = -2*n - 2*n + 8, 11 = n + 2*k. Suppose -n*f = 2*d - 22, -3*d + p*d + 1 = 0. What are the prime factors of f?
2
Suppose 4*s - 8 = 3*s. What are the prime factors of 2*(s + -1 + -1)?
2, 3
Suppose -10 - 4 = -z. What are the prime factors of z?
2, 7
Suppose -2*j - 2 = -o, 0*o - 5 = 5*o + 5*j. Suppose o*k - 16 = -4*k. List the prime factors of k.
2
Let z(m) = -2*m**3 + 2*m**2 + m + 1. Let b be z(2). Let j(d) = -5*d**2 + d + 6. Let p(t) = t**2 + t. Let v(x) = -j(x) - 6*p(x). List the prime factors of v(b).
2
Let m = -41 + 56. List the prime factors of m.
3, 5
Let h(a) = -a**3 + 3*a**2 - 4*a + 7. Let l(g) = 3*g**3 - 8*g**2 + 13*g - 21. Let k(z) = -7*h(z) - 2*l(z). What are the prime factors of k(5)?
3
Let o(h) = 4*h**2 - h - 2. Let y be (-4)/(-6)*3/2. Let c = y + -3. List the prime factors of o(c).
2
Suppose 5*h + 87 = 4*n - 24, -81 = -3*n + 3*h. Suppose 7*s = 4*s + n. List the prime factors of s.
2
Let m(r) = -3*r + 8. Let a be m(-7). Suppose -2*q = 15 + a. Let j = 35 + q. What are the prime factors of j?
13
Let l = -35 + 136. List the prime factors of l.
101
Suppose 0*m + 2*m = 0. Suppose m*b - 5*b + 40 = 0. What are the prime factors of ((-2)/b)/((-8)/96)?
3
Suppose -q = -3*u - 3, 2*q + 0 = -4*u - 4. Let s = 0 - q. Let k = s - -10. List the prime factors of k.
2, 5
Let k = -4 - 0. Let b(s) = s**3 + 3*s**2 - 3*s + 4. Let x be b(k). Suppose 5*n = 15 - x. What are the prime factors of n?
3
Suppose 2*c = -5*c + 966. List the prime factors of c.
2, 3, 23
Suppose 5*b - 59 = 281. Let n = b + -24. What are the prime factors of n?
2, 11
Suppose 0*z + z + 28 = 0. Let b = z + 41. List the prime factors of b.
13
Let x(w) = -w**3 - 5*w**2 - w + 1. Let f(v) = -v**3 - 12*v**2 - 10*v + 6. Let q be f(-11). What are the prime factors of x(q)?
2, 3
Let z be ((-8)/10)/((-1)/5). Let s = -3 + z. What are the prime factors of (s - -2) + 0 + 0?
3
Let c be (-2)/(-4) - (-35)/14. Suppose c*w - 70 = -2*w. List the prime factors of w.
2, 7
Suppose 15 + 0 = -3*j. What are the prime factors of j/((-50)/16)*10?
2
Let i be (2 - 3)/(1/35). List the prime factors of 2/7 + (-480)/i.
2, 7
Let c = 15 + -13. Suppose -56 = -3*h - 0*u - c*u, -64 = -3*h - 4*u. What are the prime factors of h?
2
Let k(o) = -3*o**3 - o**2 + o - 2. Let d be k(2). Let a = 42 + d. List the prime factors of a.
2, 7
Suppose -4*i - 12 = -2*r, 4*r = 5*r + 3*i + 4. Suppose r*s + 7 - 27 = 0. Suppose -3*p + 5 = a - 2*p, p + s = 2*a. List the prime factors of a.
5
Suppose 0*b = -s + b + 18, 0 = 2*s - 5*b - 51. Suppose 4*g + 3*r = 36, 2*g + 3*r - s = 11. What are the prime factors of g?
2, 3
Let h(r) = 5*r**2 + r + 10. What are the prime factors of h(-3)?
2, 13
Let t be 10*(20/(-8) + 3). Suppose -3*w + 46 = 2*h, 4*w - 5*h - t - 64 = 0. What are the prime factors of w?
2
Let k = -2 - 2. Let r(t) = 2*t**2 + 6*t + 4. What are the prime factors of r(k)?
2, 3
Let i = 41 + -29. What are the prime factors of i?
2, 3
Let c(r) = -r + 11. Let l = -19 - -43. Suppose -3*z + 0*z - l = 0. List the prime factors of c(z).
19
Let m(i) be the first derivative of -i**4 - 2*i**3/3 - i**2/2 + i + 2. Let o be m(-2). What are the prime factors of 4/6*o/2?
3
Let l(v) = -v**2 + 5*v - 4. Let b be l(3). Suppose 0 = 15*o - 17*o + 2. What are the prime factors of o/b*10*1?
5
Let p(f) = -f**3 - 6*f**2 - 6*f - 1. Let x be p(-5). List the prime factors of (1 + -13)*(-2)/x.
2, 3
Let i = 10 + -6. Let p = 0 + i. Suppose 5*h + 23 = b, -4*h + 31 = -b + p*b. What are the prime factors of b?
13
Suppose 5*p = 4*p - 2. Let k(f) = -5*f - 1. List the prime factors of k(p).
3
Let u(w) = w - 2. Let n be (-2)/7 + (-18)/(-14). Suppose -28 = -2*g - 5*y, -3*g = -2*y + n - 5. What are the prime factors of u(g)?
2
Let x = 2 + 1. Suppose 4*a = -x + 63. List the prime factors of a.
3, 5
Suppose 0 = 4*n - 31 + 3. Suppose 3*c + 2*b - 13 = 0, -3*c - 19 = -n*c - 3*b. Let a(f) = 8*f**2. What are the prime factors of a(c)?
2
Let q(n) = n + 1. Let d be q(-1). Suppose 3*h - 4*x - 11 = d, 0*x + 5*x = -3*h + 47. List the prime factors of h.
3
Let a(c) = c**3 + 7 - 6*c**2 - 3*c**3 - 2*c**2 - 2*c + c**3. What are the prime factors of a(-8)?
23
Suppose 37*v - 38*v = -64. List the prime factors of v.
2
Suppose -5 = -q - 2. Suppose 8 = q*j + 2. List the prime factors of j.
2
Let r = -200 - -350. What are the prime factors of r?
2, 3, 5
Suppose 5 = -3*v + 17. Suppose -v*k + 4*y + 84 = 0, 3*k = -y - 6 + 61. What are the prime factors of k?
19
Let n = -43 + 107. List the prime factors of n.
2
Let n be (-3 - 0) + (-64)/(-4). Suppose -3*a + n = -47. What are the prime factors of a?
2, 5
Suppose 0 = 32*r - 36*r + 200. What are the prime factors of r?
2, 5
Let j(p) = 6*p**3 - p**2 - 2*p. Let z(a) = 12*a**3 - 2*a**2 - 5*a. Let n(l) = -5*j(l) + 2*z(l). Suppose 0 = s + 2 - 1. What are the prime factors of n(s)?
7
Suppose 0 = -g + 2*a + 6, -2*g - 2*a = -7*g + 22. Let n = g - 1. What are the prime factors of n?
3
Let r be 7 - 4 - (2 - -14). What are the prime factors of (r/4)/(3/(-12))?
13
Let h(g) = -g**2 - 18*g - 18. List the prime factors of h(-8).
2, 31
Let d(r) = -r**3 + 8*r**2 + 11*r. Let t be d(9). Let g = t + -12. What are the prime factors of g?
2, 3
Suppose 0 = -l + 32 - 5. Let b = -14 + l. What are the prime factors of b?
13
Let x = 25 - 13. What are the prime factors of x?
2, 3
Let d be 2/1 + 0 + 2. Suppose 4*x - 2*x = -5*m + 6, d*x + 12 = 2*m. List the prime factors of m - (-3)/(-3)*-11.
13
Let a = 4 + -4. Suppose a = -0*g + 2*g - 16. List the prime factors of g.
2
Let c be -2 - (16/4 - 3). What are the prime factors of 1/(46/(-16) - c)?
2
Let a(q) be the third derivative of -5*q**2 - 1/10*q**5 + 1/120*q**6 + 0*q + 1/12*q**4 - 4/3*q**3 + 0. What are the prime factors of a(6)?
2
Let v(m) = 19*m. What are the prime factors of v(1)?
19
Suppose a = 4*v + 35 - 4, 4*v + 4*a + 16 = 0. Let s(k) be the third derivative of k**6/120 + 7*k**5/60 + 7*k**3/6 - 4*k**2. List the prime factors of s(v).
7
Let b(k) = 2*k**3 + 2*k**2 + 144. List the prime factors of b(0).
2, 3
Let m be 10/3 - (-12)/18. Suppose 6*v - 26 = m*v. What are the prime factors of v?
13
Suppose 0 = -8*z + 13*z - 20. What are the prime factors of z?
2
Let l be 2/4*-2 + 4. Suppose -3*k = -l*x - 6, 29 = -0*k + 4*k + 3*x. List the prime factors of k.
5
Suppose -3*j + 25 - 4 = 0. Suppose 2*d = j*d - 170. List the prime factors of d.
2, 17
Suppose -b - 6 = -2*b. Let q be (b/(-10))/((-2)/10). Suppose q*h + 5 = 4*h. What are the prime factors of h?
5
Suppose -2*r + 3 = l, 7 = r - 5*l - 0. Suppose -r*a = -4*m + 104, -5*m - 2*a = 2*a - 117. What are the prime factors of m?
5
Let z = -1 - -11. What are the prime factors of z?
2, 5
Suppose 2*l - 